{"id":3,"date":"2020-11-21T15:19:10","date_gmt":"2020-11-21T14:19:10","guid":{"rendered":"http:\/\/dev.realcare.at\/?page_id=3"},"modified":"2023-07-24T17:59:51","modified_gmt":"2023-07-24T15:59:51","slug":"datenschutzerklaerung","status":"publish","type":"page","link":"https:\/\/realcare.at\/?page_id=3","title":{"rendered":"Datenschutzerkl\u00e4rung"},"content":{"rendered":"\t\t<div data-elementor-type=\"wp-page\" data-elementor-id=\"3\" class=\"elementor elementor-3\" data-elementor-post-type=\"page\">\n\t\t\t\t\t\t<section class=\"elementor-section elementor-top-section elementor-element elementor-element-2ee5a81d elementor-section-boxed elementor-section-height-default elementor-section-height-default\" data-id=\"2ee5a81d\" data-element_type=\"section\" data-e-type=\"section\">\n\t\t\t\t\t\t<div class=\"elementor-container elementor-column-gap-default\">\n\t\t\t\t\t<div class=\"elementor-column elementor-col-100 elementor-top-column elementor-element elementor-element-115eca8a\" data-id=\"115eca8a\" data-element_type=\"column\" data-e-type=\"column\">\n\t\t\t<div class=\"elementor-widget-wrap elementor-element-populated\">\n\t\t\t\t\t\t<div class=\"elementor-element elementor-element-ebbe983 elementor-widget elementor-widget-heading\" data-id=\"ebbe983\" data-element_type=\"widget\" data-e-type=\"widget\" data-widget_type=\"heading.default\">\n\t\t\t\t<div class=\"elementor-widget-container\">\n\t\t\t\t\t<h2 class=\"elementor-heading-title elementor-size-default\">Datenschutzerkl\u00e4rung<\/h2>\t\t\t\t<\/div>\n\t\t\t\t<\/div>\n\t\t\t\t<div class=\"elementor-element elementor-element-744f83f2 elementor-widget elementor-widget-text-editor\" data-id=\"744f83f2\" data-element_type=\"widget\" data-e-type=\"widget\" data-widget_type=\"text-editor.default\">\n\t\t\t\t<div class=\"elementor-widget-container\">\n\t\t\t\t\t\t\t\t\t<p><\/p>\n<p style=\"margin-bottom: 15px; font-family: 'Open Sans', sans-serif; color: #000000; font-size: 14px; line-height: 20px;\"><strong style=\"font-weight: bold;\">Erkl\u00e4rung zur Informationspflicht<\/strong><\/p>\n<p style=\"margin-bottom: 15px; font-family: 'Open Sans', sans-serif; color: #000000; font-size: 14px; line-height: 20px;\">Der Schutz Ihrer pers\u00f6nlichen Daten ist uns ein besonderes Anliegen. Wir verarbeiten Ihre Daten daher ausschlie\u00dflich auf Grundlage der gesetzlichen Bestimmungen (DSGVO, TKG 2003). In diesen Datenschutzinformationen informieren wir Sie \u00fcber die wichtigsten Aspekte der Datenverarbeitung im Rahmen unserer Website.<\/p>\n<p style=\"margin-bottom: 15px; font-family: 'Open Sans', sans-serif; color: #000000; font-size: 14px; line-height: 20px;\"><strong style=\"font-weight: bold;\">Kontakt mit uns<\/strong><\/p>\n<p style=\"margin-bottom: 15px; font-family: 'Open Sans', sans-serif; color: #000000; font-size: 14px; line-height: 20px;\">Wenn Sie per Formular auf der Website oder per E-Mail Kontakt mit uns aufnehmen, werden Ihre angegebenen Daten zwecks Bearbeitung der Anfrage und f\u00fcr den Fall von Anschlussfragen sechs Monate bei uns gespeichert. Diese Daten geben wir nicht ohne Ihre Einwilligung weiter.\u00a0<\/p>\n<p style=\"margin-bottom: 15px; font-family: 'Open Sans', sans-serif; color: #000000; font-size: 14px; line-height: 20px;\"><strong style=\"font-weight: bold;\">Cookies<\/strong><\/p>\n<p style=\"margin-bottom: 15px; font-family: 'Open Sans', sans-serif; color: #000000; font-size: 14px; line-height: 20px;\">Unsere Website verwendet so genannte Cookies. Dabei handelt es sich um kleine Textdateien, die mit Hilfe des Browsers auf Ihrem Endger\u00e4t abgelegt werden. Sie richten keinen Schaden an.<\/p>\n<p style=\"margin-bottom: 15px; font-family: 'Open Sans', sans-serif; color: #000000; font-size: 14px; line-height: 20px;\">Wir nutzen Cookies dazu, unser Angebot nutzerfreundlich zu gestalten. Einige Cookies bleiben auf Ihrem Endger\u00e4t gespeichert, bis Sie diese l\u00f6schen. Sie erm\u00f6glichen es uns, Ihren Browser beim n\u00e4chsten Besuch wiederzuerkennen.<\/p>\n<p style=\"margin-bottom: 15px; font-family: 'Open Sans', sans-serif; color: #000000; font-size: 14px; line-height: 20px;\">Wenn Sie dies nicht w\u00fcnschen, so k\u00f6nnen Sie Ihren Browser so einrichten, dass er Sie \u00fcber das Setzen von Cookies informiert und Sie dies nur im Einzelfall erlauben.<\/p>\n<p style=\"margin-bottom: 15px; font-family: 'Open Sans', sans-serif; color: #000000; font-size: 14px; line-height: 20px;\">Bei der Deaktivierung von Cookies kann die Funktionalit\u00e4t unserer Website eingeschr\u00e4nkt sein.<\/p>\n<p style=\"margin-bottom: 15px; font-family: 'Open Sans', sans-serif; color: #000000; font-size: 14px; line-height: 20px;\"><strong style=\"font-weight: bold;\">Web-Analyse<\/strong><\/p>\n<p style=\"margin-bottom: 15px; font-family: 'Open Sans', sans-serif; color: #000000; font-size: 14px; line-height: 20px;\">Unsere Website verwendet Funktionen des Webanalysedienstes Google Analytics des Unternehmens Google Inc., 1600 Amphitheatre Parkway Mountain View, CA 94043, USA.<\/p>\n<p style=\"margin-bottom: 15px; font-family: 'Open Sans', sans-serif; color: #000000; font-size: 14px; line-height: 20px;\">\u00a0<\/p>\n<p style=\"margin-bottom: 15px; font-family: 'Open Sans', sans-serif; color: #000000; font-size: 14px; line-height: 20px;\">Dazu werden Cookies verwendet, die eine Analyse der Benutzung der Website durch Ihre Benutzer erm\u00f6glicht. Die dadurch erzeugten Informationen werden auf den Server des Anbieters \u00fcbertragen und dort gespeichert. Sie k\u00f6nnen dies verhindern, indem Sie Ihren Browser so einrichten, dass keine Cookies gespeichert werden.<\/p>\n<p style=\"margin-bottom: 15px; font-family: 'Open Sans', sans-serif; color: #000000; font-size: 14px; line-height: 20px;\">\u00a0<\/p>\n<p style=\"margin-bottom: 15px; font-family: 'Open Sans', sans-serif; color: #000000; font-size: 14px; line-height: 20px;\">Wir haben mit dem Anbieter einen entsprechenden Vertrag zur Auftragsdatenverarbeitung abgeschlossen.Wir nutzen die Funktion &#8222;Aktivierung der IP-Anonymisierung&#8220; auf dieser Webseite. Dadurch wird Ihre IP-Adresse von Google innerhalb von Mitgliedstaaten der Europ\u00e4ischen Union oder in anderen Vertragsstaaten des Abkommens \u00fcber den Europ\u00e4ischen Wirtschaftsraum zuvor gek\u00fcrzt. Nur in Ausnahmef\u00e4llen wird die volle IP-Adresse an einen Server von Google in den USA \u00fcbertragen und dort gek\u00fcrzt. Im Auftrag des Betreibers dieser Website wird Google diese Informationen benutzen, um Ihre Nutzung der Website auszuwerten, um Reports \u00fcber die Websiteaktivit\u00e4ten zusammenzustellen und um weitere mit der Websitenutzung und der Internetnutzung verbundene Dienstleistungen gegen\u00fcber dem Websitebetreiber zu erbringen. Die im Rahmen von Google Analytics von Ihrem Browser \u00fcbermittelte IP-Adresse wird nicht mit anderen Daten von Google zusammengef\u00fchrt.<\/p>\n<p style=\"margin-bottom: 15px; font-family: 'Open Sans', sans-serif; color: #000000; font-size: 14px; line-height: 20px;\">Die Datenverarbeitung erfolgt auf Basis der gesetzlichen Bestimmungen des \u00a7 96 Abs 3 TKG sowie des Art 6 Abs 1 lit a (Einwilligung) und\/oder f (berechtigtes Interesse) der DSGVO.<\/p>\n<p style=\"margin-bottom: 15px; font-family: 'Open Sans', sans-serif; color: #000000; font-size: 14px; line-height: 20px;\">Unser Anliegen im Sinne der DSGVO (berechtigtes Interesse) ist die Verbesserung unseres Angebotes und unseres Webauftritts.<\/p>\n<p style=\"margin-bottom: 15px; font-family: 'Open Sans', sans-serif; color: #000000; font-size: 14px; line-height: 20px;\"><strong style=\"font-weight: bold;\">Ihre Rechte<\/strong><\/p>\n<p style=\"margin-bottom: 15px; font-family: 'Open Sans', sans-serif; color: #000000; font-size: 14px; line-height: 20px;\">Ihnen stehen grunds\u00e4tzlich die Rechte auf Auskunft, Berichtigung, L\u00f6schung, Einschr\u00e4nkung, Daten\u00fcbertragbarkeit, Widerruf und Widerspruch zu. Wenn Sie glauben, dass die Verarbeitung Ihrer Daten gegen das Datenschutzrecht verst\u00f6\u00dft oder Ihre datenschutzrechtlichen Anspr\u00fcche sonst in einer Weise verletzt worden sind, k\u00f6nnen Sie sich bei der Aufsichtsbeh\u00f6rde beschweren. In \u00d6sterreich ist dies die Datenschutzbeh\u00f6rde.\u00a0<\/p>\n<p style=\"margin-bottom: 15px; font-family: 'Open Sans', sans-serif; color: #000000; font-size: 14px; line-height: 20px;\"><strong style=\"font-weight: bold;\">Sie erreichen uns unter folgenden Kontaktdaten:<\/strong><\/p>\n<p style=\"margin-bottom: 15px; font-family: 'Open Sans', sans-serif; color: #000000; font-size: 14px; line-height: 20px;\">Real Care Immobiliendienstleistungs GmbH<\/p>\n<p style=\"margin-bottom: 15px; font-family: 'Open Sans', sans-serif; color: #000000; font-size: 14px; line-height: 20px;\">+43 1 5354599<\/p>\n<p style=\"margin-bottom: 15px; font-family: 'Open Sans', sans-serif; color: #000000; font-size: 14px; line-height: 20px;\">office@realcare.at<\/p>\n<p><\/p>\t\t\t\t\t\t\t\t<\/div>\n\t\t\t\t<\/div>\n\t\t\t\t\t<\/div>\n\t\t<\/div>\n\t\t\t\t\t<\/div>\n\t\t<\/section>\n\t\t\t\t<\/div>\n\t\t","protected":false},"excerpt":{"rendered":"<p>Datenschutzerkl\u00e4rung Erkl\u00e4rung zur Informationspflicht Der Schutz Ihrer pers\u00f6nlichen Daten ist uns ein besonderes Anliegen. Wir verarbeiten Ihre Daten daher ausschlie\u00dflich auf Grundlage der gesetzlichen Bestimmungen (DSGVO, TKG 2003). In diesen Datenschutzinformationen informieren wir Sie \u00fcber die wichtigsten Aspekte der Datenverarbeitung im Rahmen unserer Website. Kontakt mit uns Wenn Sie per Formular auf der Website oder [&hellip;]<\/p>\n","protected":false},"author":1,"featured_media":0,"parent":0,"menu_order":0,"comment_status":"closed","ping_status":"closed","template":"","meta":{"footnotes":""},"class_list":["post-3","page","type-page","status-publish","hentry"],"yoast_head":"<!-- This site is optimized with the Yoast SEO plugin v27.0 - https:\/\/yoast.com\/product\/yoast-seo-wordpress\/ -->\n<title>Datenschutzerkl\u00e4rung - real care<\/title>\n<meta name=\"robots\" content=\"index, follow, max-snippet:-1, max-image-preview:large, max-video-preview:-1\" \/>\n<link rel=\"canonical\" href=\"https:\/\/realcare.at\/?page_id=3\" \/>\n<meta property=\"og:locale\" content=\"de_DE\" \/>\n<meta property=\"og:type\" content=\"article\" \/>\n<meta property=\"og:title\" content=\"Datenschutzerkl\u00e4rung - real care\" \/>\n<meta property=\"og:description\" content=\"Datenschutzerkl\u00e4rung Erkl\u00e4rung zur Informationspflicht Der Schutz Ihrer pers\u00f6nlichen Daten ist uns ein besonderes Anliegen. Wir verarbeiten Ihre Daten daher ausschlie\u00dflich auf Grundlage der gesetzlichen Bestimmungen (DSGVO, TKG 2003). In diesen Datenschutzinformationen informieren wir Sie \u00fcber die wichtigsten Aspekte der Datenverarbeitung im Rahmen unserer Website. Kontakt mit uns Wenn Sie per Formular auf der Website oder [&hellip;]\" \/>\n<meta property=\"og:url\" content=\"https:\/\/realcare.at\/?page_id=3\" \/>\n<meta property=\"og:site_name\" content=\"real care\" \/>\n<meta property=\"article:modified_time\" content=\"2023-07-24T15:59:51+00:00\" \/>\n<meta property=\"og:image\" content=\"https:\/\/realcare.at\/wp-content\/uploads\/2020\/12\/real-care-logo-1.png\" \/>\n\t<meta property=\"og:image:width\" content=\"1000\" \/>\n\t<meta property=\"og:image:height\" content=\"193\" \/>\n\t<meta property=\"og:image:type\" content=\"image\/png\" \/>\n<meta name=\"twitter:card\" content=\"summary_large_image\" \/>\n<meta name=\"twitter:label1\" content=\"Gesch\u00e4tzte Lesezeit\" \/>\n\t<meta name=\"twitter:data1\" content=\"3 Minuten\" \/>\n<script type=\"application\/ld+json\" class=\"yoast-schema-graph\">{\"@context\":\"https:\/\/schema.org\",\"@graph\":[{\"@type\":\"WebPage\",\"@id\":\"https:\/\/realcare.at\/?page_id=3\",\"url\":\"https:\/\/realcare.at\/?page_id=3\",\"name\":\"Datenschutzerkl\u00e4rung - real care\",\"isPartOf\":{\"@id\":\"https:\/\/realcare.at\/#website\"},\"datePublished\":\"2020-11-21T14:19:10+00:00\",\"dateModified\":\"2023-07-24T15:59:51+00:00\",\"breadcrumb\":{\"@id\":\"https:\/\/realcare.at\/?page_id=3#breadcrumb\"},\"inLanguage\":\"de-AT\",\"potentialAction\":[{\"@type\":\"ReadAction\",\"target\":[\"https:\/\/realcare.at\/?page_id=3\"]}]},{\"@type\":\"BreadcrumbList\",\"@id\":\"https:\/\/realcare.at\/?page_id=3#breadcrumb\",\"itemListElement\":[{\"@type\":\"ListItem\",\"position\":1,\"name\":\"Home\",\"item\":\"https:\/\/realcare.at\/\"},{\"@type\":\"ListItem\",\"position\":2,\"name\":\"Datenschutzerkl\u00e4rung\"}]},{\"@type\":\"WebSite\",\"@id\":\"https:\/\/realcare.at\/#website\",\"url\":\"https:\/\/realcare.at\/\",\"name\":\"real care\",\"description\":\"Ihr exklusiver Partner f\u00fcr professionelle Objektbetreuung\",\"potentialAction\":[{\"@type\":\"SearchAction\",\"target\":{\"@type\":\"EntryPoint\",\"urlTemplate\":\"https:\/\/realcare.at\/?s={search_term_string}\"},\"query-input\":{\"@type\":\"PropertyValueSpecification\",\"valueRequired\":true,\"valueName\":\"search_term_string\"}}],\"inLanguage\":\"de-AT\"}]}<\/script>\n<!-- \/ Yoast SEO plugin. -->","yoast_head_json":{"title":"Datenschutzerkl\u00e4rung - real care","robots":{"index":"index","follow":"follow","max-snippet":"max-snippet:-1","max-image-preview":"max-image-preview:large","max-video-preview":"max-video-preview:-1"},"canonical":"https:\/\/realcare.at\/?page_id=3","og_locale":"de_DE","og_type":"article","og_title":"Datenschutzerkl\u00e4rung - real care","og_description":"Datenschutzerkl\u00e4rung Erkl\u00e4rung zur Informationspflicht Der Schutz Ihrer pers\u00f6nlichen Daten ist uns ein besonderes Anliegen. Wir verarbeiten Ihre Daten daher ausschlie\u00dflich auf Grundlage der gesetzlichen Bestimmungen (DSGVO, TKG 2003). In diesen Datenschutzinformationen informieren wir Sie \u00fcber die wichtigsten Aspekte der Datenverarbeitung im Rahmen unserer Website. Kontakt mit uns Wenn Sie per Formular auf der Website oder [&hellip;]","og_url":"https:\/\/realcare.at\/?page_id=3","og_site_name":"real care","article_modified_time":"2023-07-24T15:59:51+00:00","og_image":[{"width":1000,"height":193,"url":"https:\/\/realcare.at\/wp-content\/uploads\/2020\/12\/real-care-logo-1.png","type":"image\/png"}],"twitter_card":"summary_large_image","twitter_misc":{"Gesch\u00e4tzte Lesezeit":"3 Minuten"},"schema":{"@context":"https:\/\/schema.org","@graph":[{"@type":"WebPage","@id":"https:\/\/realcare.at\/?page_id=3","url":"https:\/\/realcare.at\/?page_id=3","name":"Datenschutzerkl\u00e4rung - real care","isPartOf":{"@id":"https:\/\/realcare.at\/#website"},"datePublished":"2020-11-21T14:19:10+00:00","dateModified":"2023-07-24T15:59:51+00:00","breadcrumb":{"@id":"https:\/\/realcare.at\/?page_id=3#breadcrumb"},"inLanguage":"de-AT","potentialAction":[{"@type":"ReadAction","target":["https:\/\/realcare.at\/?page_id=3"]}]},{"@type":"BreadcrumbList","@id":"https:\/\/realcare.at\/?page_id=3#breadcrumb","itemListElement":[{"@type":"ListItem","position":1,"name":"Home","item":"https:\/\/realcare.at\/"},{"@type":"ListItem","position":2,"name":"Datenschutzerkl\u00e4rung"}]},{"@type":"WebSite","@id":"https:\/\/realcare.at\/#website","url":"https:\/\/realcare.at\/","name":"real care","description":"Ihr exklusiver Partner f\u00fcr professionelle Objektbetreuung","potentialAction":[{"@type":"SearchAction","target":{"@type":"EntryPoint","urlTemplate":"https:\/\/realcare.at\/?s={search_term_string}"},"query-input":{"@type":"PropertyValueSpecification","valueRequired":true,"valueName":"search_term_string"}}],"inLanguage":"de-AT"}]}},"_links":{"self":[{"href":"https:\/\/realcare.at\/index.php?rest_route=\/wp\/v2\/pages\/3","targetHints":{"allow":["GET"]}}],"collection":[{"href":"https:\/\/realcare.at\/index.php?rest_route=\/wp\/v2\/pages"}],"about":[{"href":"https:\/\/realcare.at\/index.php?rest_route=\/wp\/v2\/types\/page"}],"author":[{"embeddable":true,"href":"https:\/\/realcare.at\/index.php?rest_route=\/wp\/v2\/users\/1"}],"replies":[{"embeddable":true,"href":"https:\/\/realcare.at\/index.php?rest_route=%2Fwp%2Fv2%2Fcomments&post=3"}],"version-history":[{"count":6,"href":"https:\/\/realcare.at\/index.php?rest_route=\/wp\/v2\/pages\/3\/revisions"}],"predecessor-version":[{"id":2636,"href":"https:\/\/realcare.at\/index.php?rest_route=\/wp\/v2\/pages\/3\/revisions\/2636"}],"wp:attachment":[{"href":"https:\/\/realcare.at\/index.php?rest_route=%2Fwp%2Fv2%2Fmedia&parent=3"}],"curies":[{"name":"wp","href":"https:\/\/api.w.org\/{rel}","templated":true}]}}